
141
Let m(p) = -p**3 - 80*p**2 - 71*p + 630. Determine m(-79).
-2
Let c(h) = h**3 - 12*h**2 - 35*h + 166. What is c(13)?
-120
Let t(y) = -2*y**2 + 16*y + 126. Give t(13).
-4
Let g(b) = -335*b + 8720. Give g(26).
10
Let n(h) = -2*h**3 + 237*h**2 + 1083*h + 2948. Give n(123).
-4
Let j(n) = -174*n - 240. Give j(-1).
-66
Let o(h) = 2*h**3 - 12*h**2 - 64*h + 374. Give o(5).
4
Let g(s) = 1144*s - 14873. Give g(13).
-1
Let q(h) = h**3 + 54*h**2 - 60*h - 306. Give q(-55).
-31
Let c(l) = -3*l + 636. Calculate c(26).
558
Let s(u) = u**2 - 48*u - 931. What is s(64)?
93
Let m(r) = -7*r + 1. Give m(-9).
64
Let c(y) = y**3 - 6*y**2 + y + 6. Calculate c(3).
-18
Let o(b) = b**3 - 18*b**2 + 13*b - 70. Determine o(18).
164
Let r(y) = -y**3 + 16*y**2 + 14*y + 118. Give r(16).
342
Let g(f) = -2*f**2 - 295*f + 24140. Determine g(-206).
38
Let l(v) = -461*v + 3214. Determine l(7).
-13
Let i(p) = -1726*p - 29349. Calculate i(-17).
-7
Let a(w) = 35*w + 50. What is a(-2)?
-20
Let v(d) = d**2 + 80*d + 1308. Determine v(-57).
-3
Let c(q) = 97*q + 11169. Calculate c(-113).
208
Let j(w) = -w**3 + w**2 + 3*w - 2. Give j(1).
1
Let n(p) = -222*p + 18873. Give n(85).
3
Let k(u) = u**3 - 19*u**2 - 31*u + 880. What is k(18)?
-2
Let p(l) = -2*l**2 - 23*l + 149. Determine p(-16).
5
Let h(z) = 6*z**2 + 188*z - 7040. Calculate h(22).
0
Let l(v) = 403*v - 2431. Calculate l(6).
-13
Let c(f) = -f**3 + 33*f**2 + 234*f - 6874. Calculate c(34).
-74
Let c(v) = -43*v - 33. Calculate c(-2).
53
Let s(c) = -2*c**3 + 8*c**2 - 21*c + 3. Determine s(3).
-42
Let s(f) = 2*f**3 + 3*f**2 - 68*f - 18. Calculate s(-6).
66
Let t(a) = 607*a + 4240. Give t(-7).
-9
Let c(g) = 109*g - 207. What is c(2)?
11
Let s(g) = g**3 + 2*g**2 + 10*g - 233. What is s(5)?
-8
Let d(w) = 2*w**2 - 525*w + 2578. What is d(5)?
3
Let h(q) = -14*q**2 - 24*q + 77. Determine h(3).
-121
Let v(i) = -i**2 - 17*i - 50. Calculate v(-13).
2
Let i(c) = -c**3 - 53*c**2 + 158*c - 489. Determine i(-56).
71
Let u(i) = -i**3 + 20*i**2 - 36*i - 440. Calculate u(16).
8
Let w(k) = k**3 - 26*k**2 - 565*k + 200. Calculate w(40).
0
Let k(r) = -r**2 - 5*r - 13. Calculate k(4).
-49
Let w(x) = 6*x**2 + 17*x - 115. Determine w(-6).
-1
Let k(n) = 15*n + 1171. What is k(-90)?
-179
Let z(d) = 3*d**2 + 37*d - 843. Determine z(-22).
-205
Let y(w) = -33*w**2 - 150*w - 62. What is y(-4)?
10
Let o(n) = 11*n + 165. Determine o(-6).
99
Let m(j) = -9*j**3 + j**2 - 17*j + 28. What is m(0)?
28
Let v(d) = -d**2 - 108*d + 5430. Give v(-145).
65
Let o(q) = -q**3 + 32*q**2 + 39*q - 216. Calculate o(33).
-18
Let m(l) = 225*l**3 - 7*l**2 + 10*l + 15. Calculate m(-1).
-227
Let p(t) = 76*t + 409. What is p(-10)?
-351
Let v(h) = h**3 - h**2 - 64*h - 4. Determine v(9).
68
Let y(f) = -8*f - 74. What is y(-15)?
46
Let i(f) = -9*f + 342. Calculate i(33).
45
Let c(m) = 6*m**3 + 17*m**2 - 11*m - 18. What is c(-3)?
6
Let a(s) = 5*s - 82. Calculate a(8).
-42
Let m(w) = w**3 + 13*w**2 - 100*w - 513. What is m(-5)?
187
Let k(p) = p**3 - 16*p**2 - 2*p + 265. Determine k(15).
10
Let k(n) = -3*n**2 - 266*n + 8105. Calculate k(24).
-7
Let z(t) = -81*t + 351. Calculate z(4).
27
Let a(i) = 267*i - 25711. What is a(96)?
-79
Let h(a) = a**3 - 9*a**2 - 22*a + 124. Determine h(10).
4
Let j(f) = 300*f - 29095. Calculate j(97).
5
Let s(w) = -w**2 - 22*w - 35. Determine s(-11).
86
Let y(p) = -25*p**2 + 352*p - 20. Calculate y(14).
8
Let c(z) = -554*z - 2433. Give c(-4).
-217
Let n(t) = -12*t**2 + 227*t - 352. Determine n(17).
39
Let p(f) = -3*f**3 + 23*f**2 - 22*f + 27. What is p(7)?
-29
Let i(c) = 99*c - 87. Determine i(1).
12
Let h(v) = v**3 + 2*v**2 - 167*v - 503. Calculate h(-3).
-11
Let c(u) = -359*u + 2196. Calculate c(6).
42
Let h(n) = -110*n + 632. Calculate h(5).
82
Let o(c) = c**2 - 3030*c + 27193. Determine o(9).
4
Let b(w) = -393*w + 1613. Give b(4).
41
Let a(i) = -3*i**2 - 15*i + 374. Give a(-14).
-4
Let u(o) = -o**3 - 4*o**2 + 50*o + 113. Determine u(-2).
5
Let i(u) = 14*u**2 + 30*u + 2. What is i(-6)?
326
Let w(r) = -1051*r + 7364. Determine w(7).
7
Let f(j) = 13852*j - 152383. What is f(11)?
-11
Let t(q) = -20*q - 86. Determine t(-4).
-6
Let v(z) = -z**3 + 35*z**2 - 57*z - 7. Calculate v(33).
290
Let t(n) = -4*n**3 + 10*n**2 + 132*n - 40. What is t(7)?
2
Let m(j) = 5*j**2 - 335*j - 3422. Determine m(-9).
-2
Let r(y) = y**3 - 2*y**2 - 97*y + 234. Give r(-10).
4
Let j(m) = m**3 - 82*m**2 + 591*m + 79. Give j(74).
5
Let z(y) = -8605*y - 86064. Calculate z(-10).
-14
Let z(t) = 14*t - 423. What is z(24)?
-87
Let f(y) = 843*y**2 + 11804*y + 48. Determine f(-14).
20
Let h(o) = -o**3 + 16*o**2 + 782*o - 189. Determine h(37).
-4
Let v(w) = 2*w**2 - 6*w - 1734. Determine v(31).
2
Let h(y) = -y**3 - y**2 + 16*y - 47. Determine h(-9).
457
Let h(l) = -l**3 + 18*l**2 - 190*l + 2954. Give h(17).
13
Let p(x) = -6593*x + 26388. Give p(4).
16
Let p(o) = 96*o - 667. Give p(7).
5
Let y(m) = -m**3 + 24*m**2 - 33*m - 443. Give y(6).
7
Let d(b) = -103*b - 1904. Calculate d(-13).
-565
Let i(m) = -2*m**2 - 191*m + 2322. Calculate i(11).
-21
Let f(h) = h**2 + 115*h + 1752. What is f(-97)?
6
Let m(w) = 175*w + 7511. Give m(-43).
-14
Let i(b) = b**3 - 14*b**2 + 33*b + 3. What is i(11)?
3
Let v(i) = -474*i + 5672. Give v(12).
-16
Let r(g) = -215*g + 6643. Give r(31).
-22
Let b(p) = 2*p**3 + 16*p**2 - 10*p - 22. Determine b(-8).
58
Let p(c) = -c**3 + 160*c**2 - 8*c + 1291. Calculate p(160).
11
Let w(h) = -576*h + 3451. What is w(6)?
-5
Let c(x) = -x**2 - 13*x + 25. Calculate c(3).
-23
Let u(g) = -g**3 + 7*g**2 + 20*g - 3. What is u(-2)?
-7
Let w(f) = 4*f**2 + 5*f - 16. Determine w(-5).
59
Let p(r) = r**3 - 29*r**2 - 339*r + 67. Determine p(-9).
40
Let l(d) = 14*d**2 - 2*d + 15. Give l(3).
135
Let m(s) = 2*s**2 - 53*s + 475. Give m(19).
190
Let g(z) = 122*z - 270. Calculate g(-7).
-1124
Let f(w) = w**2 + 88*w + 258. Give f(-3).
3
Let p(x) = -4*x**2 - 191*x - 50. Calculate p(-47).
91
Let w(m) = 3*m**3 + 75*m**2 - 79*m - 21. Calculate w(-26).
5
Let o(y) = -4*y**3 + 72*y**2 + 3*y + 86. Calculate o(18).
140
Let c(u) = -5236*u - 319386. What is c(-61)?
10
Let z(u) = -u + 88. Determine z(21).
67
Let p(r) = 6*r**3 + 15*r**2 + 3*r - 11. Calculate p(-4).
-167
Let r(z) = -449*z + 1346. Determine r(3).
-1
Let m(v) = 3*v**2 - 16*v + 32. Determine m(4).
16
Let n(o) = -2*o**2 + 336*o - 656. Determine n(166).
8
Let l(g) = -2*g + 49. What is l(-11)?
71
Let n(g) = 420*g + 5026. Give n(-12).
-14
Let i(k) = 57*k + 859. Determine i(-15).
4
Let c(s) = -8*s + 102. Give c(0).
102
Let x(f) = -f**3 + 58*f**2 + 109*f + 42. Determine x(60).
-618
Let u(t) = -t**3 + 7*t**2 - 5*t + 41. Determine u(7).
6
Let v(i) = -21*i**2 - 884*i - 59. What is v(-42)?
25
Let y(u) = 3*u**3 + 25*u**2 + 10*u + 9. Determine y(-8).
-7
Let t(n) = n**2 + 135*n + 2586. Calculate t(-113).
100
Let d(g) = 69*g + 11. Determine d(0).
11
Let m(z) = -2*z**2 - 44*z - 3. Determine m(-11).
239
Let z(f) = -f**3 + 13*f**2 - 45*f + 67. Give z(9).
-14
Let p(a) = 2*a**2 + 1459*a + 32507. What is p(-23)?
8
Let g(z) = -z**2 - 371*z - 3616. Determine g(-10).
-6
Let i(r) = -2*r**2 + 71*r + 80. Determine i(34).
182
Let o(l) = l**3 - 14*l**2 + 4*l + 16. Give o(10).
-344
Let z(i) = i**3 + 2*i**2 - 43*i + 6. Give z(7).
146
Let w(f) = 6*f**3 + 312*f**2 + 4*f + 210. Calculate w(-52).
2
Let z(k) = -2*k**3 + 20*k**2 + 342*k - 10. Determine z(19).
-10
Let s(v) = -v**3 + 14*v**2 - 31*v + 306. What is s(14)?
-128
Let k(m) = 160*m + 1017. Calculate k(-12).
-903
Let r(o) = 142*o**2 - 11*o - 12. Give r(-1).
141
Let a(g) = g**3 - 16*g**2 + 52*g - 145. What is a(13)?
24
Let v(c) = -c**3 + 10*c**2 - 6*c + 57. Calculate v(10).
-3
Let n(i) = -2*i**3 - 188*i**2 + 183*i - 692. Give n(-95).
-27
Let b(p) = p**3 - 4*p**2 - 80*p - 9. Calculate b(11).
-42
Let o(b) = -2*b**2 + 13*b - 39. Give o(5).
-24
Let r(b) = -107*b**2 - 205*b + 4. What is r(-2)?
-14
Let m(l) = -7*l**3 - 18*l**2 + 38*l + 8. Determine m(2).
-44
Let h(l) = -22*l + 671. Give h(27).
77
Let t(y) = -282*y - 1138. Calculate t(-4).
-10
Let m(i) = -3*i + 174. Calculate m(40).
54
Let s(l) = -23*l - 1794. Calculate s(-79).
23
Let l(m) = 36*m - 443. Calculate l(11).
-47
Let r(d) = -56*d**2 + 218*d + 22. What is r(4)?
-2
Let n(o) = -4*o**3 - 351*o**2 - 260*o + 100. Give n(-87).
13
Let w(f) = -f**2 + 17*f - 34. Calculate w(16).
-18
Let u(b) = -